{"id":931,"date":"2023-07-07T23:37:10","date_gmt":"2023-07-07T23:37:10","guid":{"rendered":"https:\/\/elizatrejo.com\/?page_id=931"},"modified":"2025-05-06T21:56:11","modified_gmt":"2025-05-06T21:56:11","slug":"relatos-de-jardin","status":"publish","type":"page","link":"https:\/\/elizatrejo.com\/index.php\/relatos-de-jardin\/","title":{"rendered":"Relatos de Jard\u00edn"},"content":{"rendered":"\n<p><\/p>\n\n\n\n<p>Este Proyecto inicia en 2022 durante el taller La Palabra y la Imagen impartido en el CEIIDA por Virginie Kastel. Durante el cual gener\u00e9 los relatos que fui acompa\u00f1ando de im\u00e1genes tomadas durante los a\u00f1os 2013, 2014, 2017-2018, 2022 y 2023. Tambi\u00e9n utilizo algunas fotograf\u00edas de mi \u00e1lbum familiar.<br>Relatos de Jard\u00edn da continuidad a mis dos proyectos anteriores Transici\u00f3n de 2014 y Anamnesis (el cual estuvo en Revision 2017) sobre el duelo, mi madre, la nostalgia, el hogar y lo domestico.<\/p>\n\n\n\n<p>En  este fotolibro retrato un lugar  que me interesa, el jard\u00edn que est\u00e1 en el patio delantero. No s\u00e9 si llamarle jard\u00edn, al menos un intento de eso fue.<br>Ah\u00ed habitaron rosales. que luego se extinguieron, hierva salvaje que se apoder\u00f3 fastuosamente del lugar, hasta que todo qued\u00f3 casi est\u00e9ril.<br>Incluso hubo objetos inertes como sillones, el piso mismo de la sala o juguetes que nos daba por enterrar.<br>Hasta la cama de mama, impregnada de ella, tomo algo de sol para luego ser solo pedazos de tela y madera.<br>En las macetas los gatos de la \u00e9poca reposaban, o se escond\u00edan del calor insufrible de Monterrey o de la escoba intimidante, que los alejaba de los chicos o de los cardenales que cantaban en sus jaulas, los gatos fueron ganando terreno y no hubo m\u00e1s p\u00e1jaros.<br>Hubo tambi\u00e9n insectos, tales como caracoles durante la \u00e9poca de lluvias que fueron escaseando, orugas que luego se convert\u00edan en cris\u00e1lidas y finalmente en mariposas que adornaban como esferas el \u00e1rbol de durazno.<br>Ese \u00e1rbol que ofreci\u00f3 sus frutos hasta secarse. El jard\u00edn tambi\u00e9n fung\u00eda como cementerio de perros, gatos y palomas.<br>Se gestaba el ciclo de la vida una y otra vez.<br><\/p>\n\n\n\n<figure class=\"wp-block-image size-large\"><img loading=\"lazy\" decoding=\"async\" width=\"1024\" height=\"1024\" src=\"https:\/\/elizatrejo.com\/wp-content\/uploads\/2023\/07\/EF-Sq-8-1024x1024.jpg\" alt=\"Registro: Omar L\u00f3pez\" class=\"wp-image-932\" srcset=\"https:\/\/elizatrejo.com\/wp-content\/uploads\/2023\/07\/EF-Sq-8-1024x1024.jpg 1024w, https:\/\/elizatrejo.com\/wp-content\/uploads\/2023\/07\/EF-Sq-8-300x300.jpg 300w, https:\/\/elizatrejo.com\/wp-content\/uploads\/2023\/07\/EF-Sq-8-150x150.jpg 150w, https:\/\/elizatrejo.com\/wp-content\/uploads\/2023\/07\/EF-Sq-8-768x768.jpg 768w, https:\/\/elizatrejo.com\/wp-content\/uploads\/2023\/07\/EF-Sq-8-100x100.jpg 100w, https:\/\/elizatrejo.com\/wp-content\/uploads\/2023\/07\/EF-Sq-8.jpg 1080w\" sizes=\"auto, (max-width: 1024px) 100vw, 1024px\" \/><figcaption class=\"wp-element-caption\">Registro y encuadernaci\u00f3n por Omar L\u00f3pez @fovea.lab<\/figcaption><\/figure>\n\n\n\n<div class=\"alignnormal\"><div id=\"metaslider-id-934\" style=\"width: 100%;\" class=\"ml-slider-3-107-0 metaslider metaslider-flex metaslider-934 ml-slider has-dots-nav ms-theme-default\" role=\"region\" aria-label=\"RelatosJardinPreview\" data-height=\"300\" data-width=\"300\">\n    <div id=\"metaslider_container_934\">\n        <div id=\"metaslider_934\" class=\"flexslider\">\n            <ul class='slides'>\n                <li style=\"display: block; width: 100%;\" class=\"slide-939 ms-image \" aria-roledescription=\"slide\" data-date=\"2023-07-07 23:38:46\" data-filename=\"EF-Sq-14.jpg\" data-slide-type=\"image\"><img loading=\"lazy\" decoding=\"async\" width=\"1080\" height=\"1080\" src=\"https:\/\/elizatrejo.com\/wp-content\/uploads\/2023\/07\/EF-Sq-14.jpg\" class=\"slider-934 slide-939 msDefaultImage\" alt=\"\" rel=\"\" title=\"EF-Sq-14\" srcset=\"https:\/\/elizatrejo.com\/wp-content\/uploads\/2023\/07\/EF-Sq-14.jpg 1080w, https:\/\/elizatrejo.com\/wp-content\/uploads\/2023\/07\/EF-Sq-14-300x300.jpg 300w, https:\/\/elizatrejo.com\/wp-content\/uploads\/2023\/07\/EF-Sq-14-1024x1024.jpg 1024w, https:\/\/elizatrejo.com\/wp-content\/uploads\/2023\/07\/EF-Sq-14-150x150.jpg 150w, https:\/\/elizatrejo.com\/wp-content\/uploads\/2023\/07\/EF-Sq-14-768x768.jpg 768w, https:\/\/elizatrejo.com\/wp-content\/uploads\/2023\/07\/EF-Sq-14-100x100.jpg 100w\" sizes=\"auto, (max-width: 1080px) 100vw, 1080px\" \/><\/li>\n                <li style=\"display: none; width: 100%;\" class=\"slide-960 ms-image \" aria-roledescription=\"slide\" data-date=\"2023-07-08 00:07:17\" data-filename=\"EF-Sq-10.jpg\" data-slide-type=\"image\"><img loading=\"lazy\" decoding=\"async\" width=\"1080\" height=\"1080\" src=\"https:\/\/elizatrejo.com\/wp-content\/uploads\/2023\/07\/EF-Sq-10.jpg\" class=\"slider-934 slide-960 msDefaultImage\" alt=\"\" rel=\"\" title=\"EF-Sq-10\" srcset=\"https:\/\/elizatrejo.com\/wp-content\/uploads\/2023\/07\/EF-Sq-10.jpg 1080w, https:\/\/elizatrejo.com\/wp-content\/uploads\/2023\/07\/EF-Sq-10-300x300.jpg 300w, https:\/\/elizatrejo.com\/wp-content\/uploads\/2023\/07\/EF-Sq-10-1024x1024.jpg 1024w, https:\/\/elizatrejo.com\/wp-content\/uploads\/2023\/07\/EF-Sq-10-150x150.jpg 150w, https:\/\/elizatrejo.com\/wp-content\/uploads\/2023\/07\/EF-Sq-10-768x768.jpg 768w, https:\/\/elizatrejo.com\/wp-content\/uploads\/2023\/07\/EF-Sq-10-100x100.jpg 100w\" sizes=\"auto, (max-width: 1080px) 100vw, 1080px\" \/><\/li>\n                <li style=\"display: none; width: 100%;\" class=\"slide-940 ms-image \" aria-roledescription=\"slide\" data-date=\"2023-07-07 23:38:46\" data-filename=\"EF-Sq-15.jpg\" data-slide-type=\"image\"><img loading=\"lazy\" decoding=\"async\" width=\"1080\" height=\"1080\" src=\"https:\/\/elizatrejo.com\/wp-content\/uploads\/2023\/07\/EF-Sq-15.jpg\" class=\"slider-934 slide-940 msDefaultImage\" alt=\"\" rel=\"\" title=\"EF-Sq-15\" srcset=\"https:\/\/elizatrejo.com\/wp-content\/uploads\/2023\/07\/EF-Sq-15.jpg 1080w, https:\/\/elizatrejo.com\/wp-content\/uploads\/2023\/07\/EF-Sq-15-300x300.jpg 300w, https:\/\/elizatrejo.com\/wp-content\/uploads\/2023\/07\/EF-Sq-15-1024x1024.jpg 1024w, https:\/\/elizatrejo.com\/wp-content\/uploads\/2023\/07\/EF-Sq-15-150x150.jpg 150w, https:\/\/elizatrejo.com\/wp-content\/uploads\/2023\/07\/EF-Sq-15-768x768.jpg 768w, https:\/\/elizatrejo.com\/wp-content\/uploads\/2023\/07\/EF-Sq-15-100x100.jpg 100w\" sizes=\"auto, (max-width: 1080px) 100vw, 1080px\" \/><\/li>\n                <li style=\"display: none; width: 100%;\" class=\"slide-961 ms-image \" aria-roledescription=\"slide\" data-date=\"2023-07-08 00:07:17\" data-filename=\"EF-Sq-20.jpg\" data-slide-type=\"image\"><img loading=\"lazy\" decoding=\"async\" width=\"1080\" height=\"1080\" src=\"https:\/\/elizatrejo.com\/wp-content\/uploads\/2023\/07\/EF-Sq-20.jpg\" class=\"slider-934 slide-961 msDefaultImage\" alt=\"\" rel=\"\" title=\"EF-Sq-20\" srcset=\"https:\/\/elizatrejo.com\/wp-content\/uploads\/2023\/07\/EF-Sq-20.jpg 1080w, https:\/\/elizatrejo.com\/wp-content\/uploads\/2023\/07\/EF-Sq-20-300x300.jpg 300w, https:\/\/elizatrejo.com\/wp-content\/uploads\/2023\/07\/EF-Sq-20-1024x1024.jpg 1024w, https:\/\/elizatrejo.com\/wp-content\/uploads\/2023\/07\/EF-Sq-20-150x150.jpg 150w, https:\/\/elizatrejo.com\/wp-content\/uploads\/2023\/07\/EF-Sq-20-768x768.jpg 768w, https:\/\/elizatrejo.com\/wp-content\/uploads\/2023\/07\/EF-Sq-20-100x100.jpg 100w\" sizes=\"auto, (max-width: 1080px) 100vw, 1080px\" \/><\/li>\n            <\/ul>\n        <\/div>\n        \n    <\/div>\n<\/div><\/div>\n\n\n\n<figure class=\"wp-block-video\"><video controls src=\"https:\/\/elizatrejo.com\/wp-content\/uploads\/2023\/07\/video_libro.mp4\"><\/video><\/figure>\n\n\n\n<div data-wp-interactive=\"core\/file\" class=\"wp-block-file\"><object data-wp-bind--hidden=\"!state.hasPdfPreview\" hidden class=\"wp-block-file__embed\" data=\"https:\/\/elizatrejo.com\/wp-content\/uploads\/2024\/05\/RelatosdeJardin_2023.pdf\" type=\"application\/pdf\" style=\"width:100%;height:600px\" aria-label=\"Embed of RelatosdeJardin_2023.\"><\/object><a id=\"wp-block-file--media-16376d1e-6679-48f0-9fb9-5a19be5d91e1\" href=\"https:\/\/elizatrejo.com\/wp-content\/uploads\/2024\/05\/RelatosdeJardin_2023.pdf\">RelatosdeJardin_2023<\/a><a href=\"https:\/\/elizatrejo.com\/wp-content\/uploads\/2024\/05\/RelatosdeJardin_2023.pdf\" class=\"wp-block-file__button wp-element-button\" download aria-describedby=\"wp-block-file--media-16376d1e-6679-48f0-9fb9-5a19be5d91e1\">Download<\/a><\/div>\n","protected":false},"excerpt":{"rendered":"<p>Este Proyecto inicia en 2022 durante el taller La Palabra y la Imagen impartido en el CEIIDA por Virginie Kastel. Durante el cual gener\u00e9 los relatos que fui acompa\u00f1ando de im\u00e1genes tomadas durante los a\u00f1os<span class=\"more-button\"><a href=\"https:\/\/elizatrejo.com\/index.php\/relatos-de-jardin\/\" class=\"more-link\">Continue reading<span class=\"screen-reader-text\">Relatos de Jard\u00edn<\/span><i class=\"fa fa-angle-right\" aria-hidden=\"true\"><\/i><\/a><\/span><\/p>\n","protected":false},"author":2,"featured_media":0,"parent":0,"menu_order":0,"comment_status":"closed","ping_status":"closed","template":"","meta":{"ngg_post_thumbnail":0,"footnotes":""},"class_list":["post-931","page","type-page","status-publish","hentry"],"_links":{"self":[{"href":"https:\/\/elizatrejo.com\/index.php\/wp-json\/wp\/v2\/pages\/931","targetHints":{"allow":["GET"]}}],"collection":[{"href":"https:\/\/elizatrejo.com\/index.php\/wp-json\/wp\/v2\/pages"}],"about":[{"href":"https:\/\/elizatrejo.com\/index.php\/wp-json\/wp\/v2\/types\/page"}],"author":[{"embeddable":true,"href":"https:\/\/elizatrejo.com\/index.php\/wp-json\/wp\/v2\/users\/2"}],"replies":[{"embeddable":true,"href":"https:\/\/elizatrejo.com\/index.php\/wp-json\/wp\/v2\/comments?post=931"}],"version-history":[{"count":16,"href":"https:\/\/elizatrejo.com\/index.php\/wp-json\/wp\/v2\/pages\/931\/revisions"}],"predecessor-version":[{"id":1978,"href":"https:\/\/elizatrejo.com\/index.php\/wp-json\/wp\/v2\/pages\/931\/revisions\/1978"}],"wp:attachment":[{"href":"https:\/\/elizatrejo.com\/index.php\/wp-json\/wp\/v2\/media?parent=931"}],"curies":[{"name":"wp","href":"https:\/\/api.w.org\/{rel}","templated":true}]}}