{"id":555,"date":"2023-04-20T14:57:52","date_gmt":"2023-04-20T14:57:52","guid":{"rendered":"https:\/\/elizatrejo.com\/?page_id=555"},"modified":"2023-04-20T19:32:26","modified_gmt":"2023-04-20T19:32:26","slug":"elizabeth-trejo","status":"publish","type":"page","link":"https:\/\/elizatrejo.com\/index.php\/elizabeth-trejo\/","title":{"rendered":"Elizabeth Trejo"},"content":{"rendered":"\n<figure class=\"wp-block-image size-large is-resized\"><img loading=\"lazy\" decoding=\"async\" src=\"https:\/\/elizatrejo.com\/wp-content\/uploads\/2023\/04\/titulo_negro-1024x512.png\" alt=\"\" class=\"wp-image-657\" width=\"100\" height=\"50\" srcset=\"https:\/\/elizatrejo.com\/wp-content\/uploads\/2023\/04\/titulo_negro-1024x512.png 1024w, https:\/\/elizatrejo.com\/wp-content\/uploads\/2023\/04\/titulo_negro-300x150.png 300w, https:\/\/elizatrejo.com\/wp-content\/uploads\/2023\/04\/titulo_negro-768x384.png 768w, https:\/\/elizatrejo.com\/wp-content\/uploads\/2023\/04\/titulo_negro.png 1080w\" sizes=\"auto, (max-width: 100px) 100vw, 100px\" \/><\/figure>\n\n\n\n<p><strong>Relatos de Jard\u00edn &#8211; Tomar el Fresco<\/strong><br><\/p>\n\n\n\n<p>En este proyecto comparto relatos de mi familia, fotograf\u00edas del \u00e1lbum familiar esparcido entre mis hermanas y cajas empolvadas e im\u00e1genes de recovecos de la casa de mis padres donde viv\u00ed por 40 a\u00f1os.<br>Los que m\u00e1s me interesan son donde quedo vida o un recuerdo de mi madre y la manera en que su muerte les afecto. Tambi\u00e9n habla de ella, de su trascendencia en nuestras propias vidas.<br>Adicionalmente grabe unos segundos de la parte superior del jard\u00edn y otro de la ventana de la cocina. En uno de es la primera ventana de la cocina, donde mi madre pasaba la mayor parte de su d\u00eda.<br>Las ventanas siempre nos dan una pausa, son un cuadro viviente que libera un poco de la cotidianidad y rapidez de los d\u00edas.<br>El otro contrasta lo que vemos con lo que se escucha, las ramas del durazno se balancean por acci\u00f3n del viento en una calma que se ve interrumpida por sonidos estridentes de m\u00e1quinas que rompen el concreto de la calle.<\/p>\n\n\n\n<div class=\"wp-block-flipbox-block-flipbox flip-box-block\" style=\"height:500px\"><div class=\"flip-box-block-innner\">\n<div class=\"wp-block-flipbox-block-flipbox-front flip-box-block-front\"><div class=\"flip-box-block-front-inner is-layout-flow wp-block-flipbox-front-is-layout-flow\">\n<figure class=\"wp-block-image size-large\"><img loading=\"lazy\" decoding=\"async\" width=\"1024\" height=\"1024\" src=\"https:\/\/elizatrejo.com\/wp-content\/uploads\/2023\/04\/Semblanzas_HogarNatura-1-1024x1024.png\" alt=\"\" class=\"wp-image-673\" srcset=\"https:\/\/elizatrejo.com\/wp-content\/uploads\/2023\/04\/Semblanzas_HogarNatura-1-1024x1024.png 1024w, https:\/\/elizatrejo.com\/wp-content\/uploads\/2023\/04\/Semblanzas_HogarNatura-1-300x300.png 300w, https:\/\/elizatrejo.com\/wp-content\/uploads\/2023\/04\/Semblanzas_HogarNatura-1-150x150.png 150w, https:\/\/elizatrejo.com\/wp-content\/uploads\/2023\/04\/Semblanzas_HogarNatura-1-768x768.png 768w, https:\/\/elizatrejo.com\/wp-content\/uploads\/2023\/04\/Semblanzas_HogarNatura-1-100x100.png 100w, https:\/\/elizatrejo.com\/wp-content\/uploads\/2023\/04\/Semblanzas_HogarNatura-1.png 1080w\" sizes=\"auto, (max-width: 1024px) 100vw, 1024px\" \/><\/figure>\n<\/div><\/div>\n\n\n\n<div class=\"wp-block-flipbox-block-flipbox-back flip-box-block-back\"><div class=\"flip-box-block-back-inner is-layout-flow wp-block-flipbox-back-is-layout-flow\">\n<figure class=\"wp-block-image size-large\"><img loading=\"lazy\" decoding=\"async\" width=\"1024\" height=\"1024\" src=\"https:\/\/elizatrejo.com\/wp-content\/uploads\/2023\/04\/3-1024x1024.png\" alt=\"\" class=\"wp-image-672\" srcset=\"https:\/\/elizatrejo.com\/wp-content\/uploads\/2023\/04\/3-1024x1024.png 1024w, https:\/\/elizatrejo.com\/wp-content\/uploads\/2023\/04\/3-300x300.png 300w, https:\/\/elizatrejo.com\/wp-content\/uploads\/2023\/04\/3-150x150.png 150w, https:\/\/elizatrejo.com\/wp-content\/uploads\/2023\/04\/3-768x768.png 768w, https:\/\/elizatrejo.com\/wp-content\/uploads\/2023\/04\/3-100x100.png 100w, https:\/\/elizatrejo.com\/wp-content\/uploads\/2023\/04\/3.png 1080w\" sizes=\"auto, (max-width: 1024px) 100vw, 1024px\" \/><\/figure>\n<\/div><\/div>\n<\/div><\/div>\n","protected":false},"excerpt":{"rendered":"<p>Relatos de Jard\u00edn &#8211; Tomar el Fresco En este proyecto comparto relatos de mi familia, fotograf\u00edas del \u00e1lbum familiar esparcido entre mis hermanas y cajas empolvadas e im\u00e1genes de recovecos de la casa de mis<span class=\"more-button\"><a href=\"https:\/\/elizatrejo.com\/index.php\/elizabeth-trejo\/\" class=\"more-link\">Continue reading<span class=\"screen-reader-text\">Elizabeth Trejo<\/span><i class=\"fa fa-angle-right\" aria-hidden=\"true\"><\/i><\/a><\/span><\/p>\n","protected":false},"author":2,"featured_media":0,"parent":0,"menu_order":0,"comment_status":"closed","ping_status":"closed","template":"","meta":{"ngg_post_thumbnail":0,"footnotes":""},"class_list":["post-555","page","type-page","status-publish","hentry"],"_links":{"self":[{"href":"https:\/\/elizatrejo.com\/index.php\/wp-json\/wp\/v2\/pages\/555","targetHints":{"allow":["GET"]}}],"collection":[{"href":"https:\/\/elizatrejo.com\/index.php\/wp-json\/wp\/v2\/pages"}],"about":[{"href":"https:\/\/elizatrejo.com\/index.php\/wp-json\/wp\/v2\/types\/page"}],"author":[{"embeddable":true,"href":"https:\/\/elizatrejo.com\/index.php\/wp-json\/wp\/v2\/users\/2"}],"replies":[{"embeddable":true,"href":"https:\/\/elizatrejo.com\/index.php\/wp-json\/wp\/v2\/comments?post=555"}],"version-history":[{"count":3,"href":"https:\/\/elizatrejo.com\/index.php\/wp-json\/wp\/v2\/pages\/555\/revisions"}],"predecessor-version":[{"id":674,"href":"https:\/\/elizatrejo.com\/index.php\/wp-json\/wp\/v2\/pages\/555\/revisions\/674"}],"wp:attachment":[{"href":"https:\/\/elizatrejo.com\/index.php\/wp-json\/wp\/v2\/media?parent=555"}],"curies":[{"name":"wp","href":"https:\/\/api.w.org\/{rel}","templated":true}]}}

<figure class="wp-block-image size-large is-resized"><img loading="lazy" decoding="async" src="https://elizatrejo.com/wp-content/uploads/2023/04/titulo_negro-1024x512.png" alt="" class="wp-image-657" width="100" height="50" srcset="https://elizatrejo.com/wp-content/uploads/2023/04/titulo_negro-1024x512.png 1024w, https://elizatrejo.com/wp-content/uploads/2023/04/titulo_negro-300x150.png 300w, https://elizatrejo.com/wp-content/uploads/2023/04/titulo_negro-768x384.png 768w, https://elizatrejo.com/wp-content/uploads/2023/04/titulo_negro.png 1080w" sizes="auto, (max-width: 100px) 100vw, 100px" /></figure>



<p><strong>Relatos de Jardín &#8211; Tomar el Fresco</strong><br></p>



<p>En este proyecto comparto relatos de mi familia, fotografías del álbum familiar esparcido entre mis hermanas y cajas empolvadas e imágenes de recovecos de la casa de mis padres donde viví por 40 años.<br>Los que más me interesan son donde quedo vida o un recuerdo de mi madre y la manera en que su muerte les afecto. También habla de ella, de su trascendencia en nuestras propias vidas.<br>Adicionalmente grabe unos segundos de la parte superior del jardín y otro de la ventana de la cocina. En uno de es la primera ventana de la cocina, donde mi madre pasaba la mayor parte de su día.<br>Las ventanas siempre nos dan una pausa, son un cuadro viviente que libera un poco de la cotidianidad y rapidez de los días.<br>El otro contrasta lo que vemos con lo que se escucha, las ramas del durazno se balancean por acción del viento en una calma que se ve interrumpida por sonidos estridentes de máquinas que rompen el concreto de la calle.</p>



<div class="wp-block-flipbox-block-flipbox flip-box-block" style="height:500px"><div class="flip-box-block-innner">
<div class="wp-block-flipbox-block-flipbox-front flip-box-block-front"><div class="flip-box-block-front-inner is-layout-flow wp-block-flipbox-front-is-layout-flow">
<figure class="wp-block-image size-large"><img loading="lazy" decoding="async" width="1024" height="1024" src="https://elizatrejo.com/wp-content/uploads/2023/04/Semblanzas_HogarNatura-1-1024x1024.png" alt="" class="wp-image-673" srcset="https://elizatrejo.com/wp-content/uploads/2023/04/Semblanzas_HogarNatura-1-1024x1024.png 1024w, https://elizatrejo.com/wp-content/uploads/2023/04/Semblanzas_HogarNatura-1-300x300.png 300w, https://elizatrejo.com/wp-content/uploads/2023/04/Semblanzas_HogarNatura-1-150x150.png 150w, https://elizatrejo.com/wp-content/uploads/2023/04/Semblanzas_HogarNatura-1-768x768.png 768w, https://elizatrejo.com/wp-content/uploads/2023/04/Semblanzas_HogarNatura-1-100x100.png 100w, https://elizatrejo.com/wp-content/uploads/2023/04/Semblanzas_HogarNatura-1.png 1080w" sizes="auto, (max-width: 1024px) 100vw, 1024px" /></figure>
</div></div>



<div class="wp-block-flipbox-block-flipbox-back flip-box-block-back"><div class="flip-box-block-back-inner is-layout-flow wp-block-flipbox-back-is-layout-flow">
<figure class="wp-block-image size-large"><img loading="lazy" decoding="async" width="1024" height="1024" src="https://elizatrejo.com/wp-content/uploads/2023/04/3-1024x1024.png" alt="" class="wp-image-672" srcset="https://elizatrejo.com/wp-content/uploads/2023/04/3-1024x1024.png 1024w, https://elizatrejo.com/wp-content/uploads/2023/04/3-300x300.png 300w, https://elizatrejo.com/wp-content/uploads/2023/04/3-150x150.png 150w, https://elizatrejo.com/wp-content/uploads/2023/04/3-768x768.png 768w, https://elizatrejo.com/wp-content/uploads/2023/04/3-100x100.png 100w, https://elizatrejo.com/wp-content/uploads/2023/04/3.png 1080w" sizes="auto, (max-width: 1024px) 100vw, 1024px" /></figure>
</div></div>
</div></div>

<p>Relatos de Jardín &#8211; Tomar el Fresco En este proyecto comparto relatos de mi familia, fotografías del álbum familiar esparcido entre mis hermanas y cajas empolvadas e imágenes de recovecos de la casa de mis<span class="more-button"><a href="https://elizatrejo.com/index.php/elizabeth-trejo/" class="more-link">Continue reading<span class="screen-reader-text">Elizabeth Trejo</span><i class="fa fa-angle-right" aria-hidden="true"></i></a></span></p>
