{"id":276,"date":"2023-03-14T02:34:01","date_gmt":"2023-03-14T02:34:01","guid":{"rendered":"https:\/\/elizatrejo.com\/?page_id=276"},"modified":"2026-01-13T00:49:41","modified_gmt":"2026-01-13T00:49:41","slug":"semblanza","status":"publish","type":"page","link":"https:\/\/elizatrejo.com\/index.php\/semblanza\/","title":{"rendered":"semblanza"},"content":{"rendered":"\n<p class=\"has-small-font-size\">Mi formaci\u00f3n fotogr\u00e1fica formal inicio en 2013 en el PFC \u201813 lidereado por Javier Ram\u00edrez Lim\u00f3n. La gran parte de mis proyectos son introspectivos, los desarrollo desde mi cotidianidad y diversas cuestiones humanas que me atraviesan o me causan curiosidad, como la muerte, las relaciones afectivas, sobre la maternidad, el hogar y los cuidados, la memoria y mi identidad como mujer.<\/p>\n\n\n\n<p class=\"has-small-font-size\">Hago collage, apropiaci\u00f3n de fotograf\u00edas de mi \u00e1lbum familiar y de otras personas. He sido seleccionada en PECDA y he formado parte de varias exposiciones colectivas e individuales en Nuevo Le\u00f3n.<\/p>\n\n\n\n<p class=\"has-small-font-size\">He sido curadora de la expo Hogar Natura, donde invite a participar a varias artistas mujeres y he gestionado talleres de fotozine y proyectos fotogr\u00e1ficos. Tambien he realizado eventos art\u00edsticos relacionados al cuidado y hogar.<\/p>\n\n\n\n<p class=\"has-small-font-size\">Organice una charla sobre fot\u00f3grafas y espacio p\u00fablico donde edite un fanzine con fotograf\u00edas de las participantes en 2025.<\/p>\n\n\n\n<p class=\"has-small-font-size\">Seleccionada en Descubrimientos PHE 2024 formato ONLINE. Presentaci\u00f3n de Maquetas de Fotolibros en el evento EFOLIO del Centro de la imagen en 2024.<\/p>\n\n\n\n<p class=\"has-small-font-size\">Tengo dos publicaciones de fotolibros impresas de manera autogestiva y una con la editorial independiente miau ediciones. Actualmente formo parte de la exposici\u00f3n, Instantes y Reflexiones, Fotogr\u00e1fas del Noreste. Una muestra colectiva curada por  Emma Cecilia Garc\u00eda Krinsky.<\/p>\n","protected":false},"excerpt":{"rendered":"<p>Mi formaci\u00f3n fotogr\u00e1fica formal inicio en 2013 en el PFC \u201813 lidereado por Javier Ram\u00edrez Lim\u00f3n. La gran parte de mis proyectos son introspectivos, los desarrollo desde mi cotidianidad y diversas cuestiones humanas que me<span class=\"more-button\"><a href=\"https:\/\/elizatrejo.com\/index.php\/semblanza\/\" class=\"more-link\">Continue reading<span class=\"screen-reader-text\">semblanza<\/span><i class=\"fa fa-angle-right\" aria-hidden=\"true\"><\/i><\/a><\/span><\/p>\n","protected":false},"author":1,"featured_media":0,"parent":0,"menu_order":0,"comment_status":"closed","ping_status":"closed","template":"","meta":{"ngg_post_thumbnail":0,"footnotes":""},"class_list":["post-276","page","type-page","status-publish","hentry"],"_links":{"self":[{"href":"https:\/\/elizatrejo.com\/index.php\/wp-json\/wp\/v2\/pages\/276","targetHints":{"allow":["GET"]}}],"collection":[{"href":"https:\/\/elizatrejo.com\/index.php\/wp-json\/wp\/v2\/pages"}],"about":[{"href":"https:\/\/elizatrejo.com\/index.php\/wp-json\/wp\/v2\/types\/page"}],"author":[{"embeddable":true,"href":"https:\/\/elizatrejo.com\/index.php\/wp-json\/wp\/v2\/users\/1"}],"replies":[{"embeddable":true,"href":"https:\/\/elizatrejo.com\/index.php\/wp-json\/wp\/v2\/comments?post=276"}],"version-history":[{"count":9,"href":"https:\/\/elizatrejo.com\/index.php\/wp-json\/wp\/v2\/pages\/276\/revisions"}],"predecessor-version":[{"id":2499,"href":"https:\/\/elizatrejo.com\/index.php\/wp-json\/wp\/v2\/pages\/276\/revisions\/2499"}],"wp:attachment":[{"href":"https:\/\/elizatrejo.com\/index.php\/wp-json\/wp\/v2\/media?parent=276"}],"curies":[{"name":"wp","href":"https:\/\/api.w.org\/{rel}","templated":true}]}}

<p class="has-small-font-size">Mi formación fotográfica formal inicio en 2013 en el PFC ‘13 lidereado por Javier Ramírez Limón. La gran parte de mis proyectos son introspectivos, los desarrollo desde mi cotidianidad y diversas cuestiones humanas que me atraviesan o me causan curiosidad, como la muerte, las relaciones afectivas, sobre la maternidad, el hogar y los cuidados, la memoria y mi identidad como mujer.</p>



<p class="has-small-font-size">Hago collage, apropiación de fotografías de mi álbum familiar y de otras personas. He sido seleccionada en PECDA y he formado parte de varias exposiciones colectivas e individuales en Nuevo León.</p>



<p class="has-small-font-size">He sido curadora de la expo Hogar Natura, donde invite a participar a varias artistas mujeres y he gestionado talleres de fotozine y proyectos fotográficos. Tambien he realizado eventos artísticos relacionados al cuidado y hogar.</p>



<p class="has-small-font-size">Organice una charla sobre fotógrafas y espacio público donde edite un fanzine con fotografías de las participantes en 2025.</p>



<p class="has-small-font-size">Seleccionada en Descubrimientos PHE 2024 formato ONLINE. Presentación de Maquetas de Fotolibros en el evento EFOLIO del Centro de la imagen en 2024.</p>



<p class="has-small-font-size">Tengo dos publicaciones de fotolibros impresas de manera autogestiva y una con la editorial independiente miau ediciones. Actualmente formo parte de la exposición, Instantes y Reflexiones, Fotográfas del Noreste. Una muestra colectiva curada por  Emma Cecilia García Krinsky.</p>

<p>Mi formación fotográfica formal inicio en 2013 en el PFC ‘13 lidereado por Javier Ramírez Limón. La gran parte de mis proyectos son introspectivos, los desarrollo desde mi cotidianidad y diversas cuestiones humanas que me<span class="more-button"><a href="https://elizatrejo.com/index.php/semblanza/" class="more-link">Continue reading<span class="screen-reader-text">semblanza</span><i class="fa fa-angle-right" aria-hidden="true"></i></a></span></p>
