{"id":1975,"date":"2025-05-06T21:55:10","date_gmt":"2025-05-06T21:55:10","guid":{"rendered":"https:\/\/elizatrejo.com\/?page_id=1975"},"modified":"2025-11-28T19:56:33","modified_gmt":"2025-11-28T19:56:33","slug":"espacio-publico-y-fotografas","status":"publish","type":"page","link":"https:\/\/elizatrejo.com\/index.php\/espacio-publico-y-fotografas\/","title":{"rendered":"Espacio p\u00fablico y fotogr\u00e1fas"},"content":{"rendered":"\n<p>Zine<\/p>\n\n\n\n<div class=\"wp-block-cover\"><span aria-hidden=\"true\" class=\"wp-block-cover__background has-background-dim\"><\/span><img loading=\"lazy\" decoding=\"async\" width=\"819\" height=\"1024\" class=\"wp-block-cover__image-background wp-image-1976\" alt=\"\" src=\"https:\/\/elizatrejo.com\/wp-content\/uploads\/2025\/05\/2-819x1024.jpg\" style=\"object-position:45% 26%\" data-object-fit=\"cover\" data-object-position=\"45% 26%\" srcset=\"https:\/\/elizatrejo.com\/wp-content\/uploads\/2025\/05\/2-819x1024.jpg 819w, https:\/\/elizatrejo.com\/wp-content\/uploads\/2025\/05\/2-240x300.jpg 240w, https:\/\/elizatrejo.com\/wp-content\/uploads\/2025\/05\/2-768x960.jpg 768w, https:\/\/elizatrejo.com\/wp-content\/uploads\/2025\/05\/2-473x591.jpg 473w, https:\/\/elizatrejo.com\/wp-content\/uploads\/2025\/05\/2-720x900.jpg 720w, https:\/\/elizatrejo.com\/wp-content\/uploads\/2025\/05\/2.jpg 1080w\" sizes=\"auto, (max-width: 819px) 100vw, 819px\" \/><div class=\"wp-block-cover__inner-container is-layout-flow wp-block-cover-is-layout-flow\">\n<p class=\"has-text-align-left has-medium-font-size\">Este fanzine nace a partir de la charla sobre la apropiaci\u00f3n del espacio p\u00fablico por parte de mujeres fot\u00f3grafas, celebrada en el marco del 8M de 2025 en la Casa de la Cultura de Nuevo Le\u00f3n.<\/p>\n\n\n\n<p class=\"has-text-align-left has-medium-font-size\">En sus p\u00e1ginas, se presenta la visi\u00f3n de estas fot\u00f3grafas y c\u00f3mo cada una se apropia del espacio urbano, utilizando la fotograf\u00eda como medio de expresi\u00f3n.<\/p>\n\n\n\n<p class=\"has-text-align-left has-medium-font-size\">Las calles y la ciudad en general son espacios que suelen ser dise\u00f1ados sin una perspectiva de g\u00e9nero. Esta charla invita a reflexionar sobre c\u00f3mo las mujeres transitan estos espacios, los cuales, por derecho, deber\u00edan ser seguros para todas y todos.<\/p>\n\n\n\n<p class=\"has-text-align-left has-medium-font-size\">A trav\u00e9s de su pr\u00e1ctica art\u00edstica, las participantes comparten su percepci\u00f3n sobre lo que la calle representa para ellas y su experiencia al recorrer la ciudad.<br><br><a href=\"https:\/\/www.facebook.com\/perrrito?__cft__[0]=AZVJkA5I2HB2nJz25m-zpmgtff-t37bZBUiXk4vnPLQZeGc0GVbe7K0jYhz4Ng4UoELyfAt3Em_9oJRtOXSNjNaq0lofLebv62r0m4msuIod_PmNwAG2DuV7zKBGNCKCe3OCq3DUHbVI1HFpXC4CXUaxTgho8kg_kCFyf961g_iGMRu3kOCbVKudDXlNFPjFrsE&amp;__tn__=-]K-R\">Alejandra Garc\u00eda<\/a> @truchdog<\/p>\n\n\n\n<p class=\"has-text-align-left has-medium-font-size\"><a href=\"https:\/\/www.facebook.com\/teressa.gonzalez.5?__cft__[0]=AZVJkA5I2HB2nJz25m-zpmgtff-t37bZBUiXk4vnPLQZeGc0GVbe7K0jYhz4Ng4UoELyfAt3Em_9oJRtOXSNjNaq0lofLebv62r0m4msuIod_PmNwAG2DuV7zKBGNCKCe3OCq3DUHbVI1HFpXC4CXUaxTgho8kg_kCFyf961g_iGMRu3kOCbVKudDXlNFPjFrsE&amp;__tn__=-]K-R\">Teressa Gonzalez<\/a> @teregerardi<\/p>\n\n\n\n<p class=\"has-text-align-left has-medium-font-size\"><a href=\"https:\/\/www.facebook.com\/fannie.enferma?__cft__[0]=AZVJkA5I2HB2nJz25m-zpmgtff-t37bZBUiXk4vnPLQZeGc0GVbe7K0jYhz4Ng4UoELyfAt3Em_9oJRtOXSNjNaq0lofLebv62r0m4msuIod_PmNwAG2DuV7zKBGNCKCe3OCq3DUHbVI1HFpXC4CXUaxTgho8kg_kCFyf961g_iGMRu3kOCbVKudDXlNFPjFrsE&amp;__tn__=-]K-R\">Fanny Grimaldo<\/a> @fannygrimaldo<\/p>\n\n\n\n<p class=\"has-text-align-left has-medium-font-size\">Maria Fernanda Onitveros @vadeultra_<\/p>\n\n\n\n<p class=\"has-text-align-left has-medium-font-size\"><a><\/a>Karina Zertuche @la.zertouche<\/p>\n\n\n\n<p class=\"has-text-align-center has-medium-font-size\">Elizabeth Trejo<\/p>\n<\/div><\/div>\n","protected":false},"excerpt":{"rendered":"<p>Zine<\/p>\n","protected":false},"author":2,"featured_media":0,"parent":0,"menu_order":0,"comment_status":"closed","ping_status":"closed","template":"","meta":{"ngg_post_thumbnail":0,"footnotes":""},"class_list":["post-1975","page","type-page","status-publish","hentry"],"_links":{"self":[{"href":"https:\/\/elizatrejo.com\/index.php\/wp-json\/wp\/v2\/pages\/1975","targetHints":{"allow":["GET"]}}],"collection":[{"href":"https:\/\/elizatrejo.com\/index.php\/wp-json\/wp\/v2\/pages"}],"about":[{"href":"https:\/\/elizatrejo.com\/index.php\/wp-json\/wp\/v2\/types\/page"}],"author":[{"embeddable":true,"href":"https:\/\/elizatrejo.com\/index.php\/wp-json\/wp\/v2\/users\/2"}],"replies":[{"embeddable":true,"href":"https:\/\/elizatrejo.com\/index.php\/wp-json\/wp\/v2\/comments?post=1975"}],"version-history":[{"count":2,"href":"https:\/\/elizatrejo.com\/index.php\/wp-json\/wp\/v2\/pages\/1975\/revisions"}],"predecessor-version":[{"id":2136,"href":"https:\/\/elizatrejo.com\/index.php\/wp-json\/wp\/v2\/pages\/1975\/revisions\/2136"}],"wp:attachment":[{"href":"https:\/\/elizatrejo.com\/index.php\/wp-json\/wp\/v2\/media?parent=1975"}],"curies":[{"name":"wp","href":"https:\/\/api.w.org\/{rel}","templated":true}]}}