{"id":1137,"date":"2024-03-04T22:48:55","date_gmt":"2024-03-04T22:48:55","guid":{"rendered":"https:\/\/elizatrejo.com\/?page_id=1137"},"modified":"2024-09-07T03:46:53","modified_gmt":"2024-09-07T03:46:53","slug":"el-sublime-hilo-rojo-de-lea-cantu","status":"publish","type":"page","link":"https:\/\/elizatrejo.com\/index.php\/el-sublime-hilo-rojo-de-lea-cantu\/","title":{"rendered":"El Sublime Hilo Rojo de Lea Cant\u00fa"},"content":{"rendered":"<style type=\"text\/css\" scoped>.rbs_gallery_69fb35da54549Spinner{\r\n\t\t\t\tmargin: 50px auto;\r\n\t\t\t\twidth: 50px;\r\n\t\t\t\theight: 40px;\r\n\t\t\t\ttext-align: center;\r\n\t\t\t\tfont-size: 10px;\r\n\t\t\t}\r\n\t\t\t.rbs_gallery_69fb35da54549Spinner > div{\r\n\t\t\t  background-color: #333;\r\n\t\t\t  height: 100%;\r\n\t\t\t  width: 6px;\r\n\t\t\t  display: inline-block;\r\n\t\t\t  -webkit-animation: rbs_gallery_69fb35da54549-stretchdelay 1.2s infinite ease-in-out;\r\n\t\t\t  animation: rbs_gallery_69fb35da54549-stretchdelay 1.2s infinite ease-in-out;\r\n\t\t\t}\r\n\t\t\t.rbs_gallery_69fb35da54549Spinner .rbs_gallery_69fb35da54549Rect2 {\r\n\t\t\t  -webkit-animation-delay: -1.1s;\r\n\t\t\t  animation-delay: -1.1s;\r\n\t\t\t}\r\n\t\t\t.rbs_gallery_69fb35da54549Spinner .rbs_gallery_69fb35da54549Rect3 {\r\n\t\t\t  -webkit-animation-delay: -1.0s;\r\n\t\t\t  animation-delay: -1.0s;\r\n\t\t\t}\r\n\t\t\t.rbs_gallery_69fb35da54549Spinner .rbs_gallery_69fb35da54549Rect4 {\r\n\t\t\t  -webkit-animation-delay: -0.9s;\r\n\t\t\t  animation-delay: -0.9s;\r\n\t\t\t}\r\n\t\t\t.rbs_gallery_69fb35da54549Spinner .rbs_gallery_69fb35da54549Rect5 {\r\n\t\t\t  -webkit-animation-delay: -0.8s;\r\n\t\t\t  animation-delay: -0.8s;\r\n\t\t\t}\r\n\t\t\t@-webkit-keyframes rbs_gallery_69fb35da54549-stretchdelay {\r\n\t\t\t  0%, 40%, 100% { -webkit-transform: scaleY(0.4) }  \r\n\t\t\t  20% { -webkit-transform: scaleY(1.0) }\r\n\t\t\t}\r\n\t\t\t@keyframes rbs_gallery_69fb35da54549-stretchdelay {\r\n\t\t\t  0%, 40%, 100% { \r\n\t\t\t    transform: scaleY(0.4);\r\n\t\t\t    -webkit-transform: scaleY(0.4);\r\n\t\t\t  }  20% { \r\n\t\t\t    transform: scaleY(1.0);\r\n\t\t\t    -webkit-transform: scaleY(1.0);\r\n\t\t\t  }\r\n\t\t\t}\r\n\t\t<\/style><div class=\"robo-gallery-wrap robo-gallery-wrap-id1139 robo-gallery-masonry\" ><div id=\"rbs_gallery_69fb35da54549-block-loader\" class=\"rbs_gallery_69fb35da54549Spinner\"><div class=\"rbs_gallery_69fb35da54549Rect1\"><\/div> <div class=\"rbs_gallery_69fb35da54549Rect2\"><\/div> <div class=\"rbs_gallery_69fb35da54549Rect3\"><\/div> <div class=\"rbs_gallery_69fb35da54549Rect4\"><\/div> <div class=\"rbs_gallery_69fb35da54549Rect5\"><\/div><\/div><div id=\"robo_gallery_main_block_rbs_gallery_69fb35da54549\" class=\"robogallery-gallery-1139\" style=\"width:100%;  display: none;\"><div id=\"rbs_gallery_69fb35da54549\" data-options=\"rbs_gallery_69fb35da54549\" style=\"width:100%;\" class=\"robo_gallery  \"><div class=\"rbs-img  category1139 \" ><div class=\"rbs-img-image   rbs-lightbox \" ><div class=\"rbs-img-thumbs\"  data-thumbnail=\"https:\/\/elizatrejo.com\/wp-content\/uploads\/2024\/03\/DSC_6865-600x1024.jpg\"  title=\"DSC_6865\"  data-width=\"600\"  data-height=\"1024\" ><\/div><div class=\"rbs-img-data-popup\"  data-popup=\"https:\/\/elizatrejo.com\/wp-content\/uploads\/2024\/03\/DSC_6865.jpg\"  title=\"DSC_6865\" ><\/div><div class=\"thumbnail-overlay\"><div class=\"rbsTitle \">DSC_6865<\/div><div class=\"rbsIcons\"><i class=\"fa fa-plus rbsZoomIcon \" ><\/i><\/div><\/div><\/div><\/div><div class=\"rbs-img  category1139 \" ><div class=\"rbs-img-image   rbs-lightbox \" ><div class=\"rbs-img-thumbs\"  data-thumbnail=\"https:\/\/elizatrejo.com\/wp-content\/uploads\/2024\/03\/DSC_6773-300x200.jpg\"  title=\"DSC_6773\"  data-width=\"300\"  data-height=\"200\" ><\/div><div class=\"rbs-img-data-popup\"  data-popup=\"https:\/\/elizatrejo.com\/wp-content\/uploads\/2024\/03\/DSC_6773-scaled.jpg\"  title=\"DSC_6773\" ><\/div><div class=\"thumbnail-overlay\"><div class=\"rbsTitle \">DSC_6773<\/div><div class=\"rbsIcons\"><i class=\"fa fa-plus rbsZoomIcon \" ><\/i><\/div><\/div><\/div><\/div><div class=\"rbs-img  category1139 \" ><div class=\"rbs-img-image   rbs-lightbox \" ><div class=\"rbs-img-thumbs\"  data-thumbnail=\"https:\/\/elizatrejo.com\/wp-content\/uploads\/2024\/03\/DSC_6767-600x1024.jpg\"  title=\"DSC_6767\"  data-width=\"600\"  data-height=\"1024\" ><\/div><div class=\"rbs-img-data-popup\"  data-popup=\"https:\/\/elizatrejo.com\/wp-content\/uploads\/2024\/03\/DSC_6767-scaled.jpg\"  title=\"DSC_6767\" ><\/div><div class=\"thumbnail-overlay\"><div class=\"rbsTitle \">DSC_6767<\/div><div class=\"rbsIcons\"><i class=\"fa fa-plus rbsZoomIcon \" ><\/i><\/div><\/div><\/div><\/div><div class=\"rbs-img  category1139 \" ><div class=\"rbs-img-image   rbs-lightbox \" ><div class=\"rbs-img-thumbs\"  data-thumbnail=\"https:\/\/elizatrejo.com\/wp-content\/uploads\/2024\/03\/DSC_6768-600x1024.jpg\"  title=\"DSC_6768\"  data-width=\"600\"  data-height=\"1024\" ><\/div><div class=\"rbs-img-data-popup\"  data-popup=\"https:\/\/elizatrejo.com\/wp-content\/uploads\/2024\/03\/DSC_6768-scaled.jpg\"  title=\"DSC_6768\" ><\/div><div class=\"thumbnail-overlay\"><div class=\"rbsTitle \">DSC_6768<\/div><div class=\"rbsIcons\"><i class=\"fa fa-plus rbsZoomIcon \" ><\/i><\/div><\/div><\/div><\/div><div class=\"rbs-img  category1139 \" ><div class=\"rbs-img-image   rbs-lightbox \" ><div class=\"rbs-img-thumbs\"  data-thumbnail=\"https:\/\/elizatrejo.com\/wp-content\/uploads\/2024\/03\/DSC_6777-600x1024.jpg\"  title=\"DSC_6777\"  data-width=\"600\"  data-height=\"1024\" ><\/div><div class=\"rbs-img-data-popup\"  data-popup=\"https:\/\/elizatrejo.com\/wp-content\/uploads\/2024\/03\/DSC_6777-scaled.jpg\"  title=\"DSC_6777\" ><\/div><div class=\"thumbnail-overlay\"><div class=\"rbsTitle \">DSC_6777<\/div><div class=\"rbsIcons\"><i class=\"fa fa-plus rbsZoomIcon \" ><\/i><\/div><\/div><\/div><\/div><div class=\"rbs-img  category1139 \" ><div class=\"rbs-img-image   rbs-lightbox \" ><div class=\"rbs-img-thumbs\"  data-thumbnail=\"https:\/\/elizatrejo.com\/wp-content\/uploads\/2024\/03\/DSC_6790-600x1024.jpg\"  title=\"DSC_6790\"  data-width=\"600\"  data-height=\"1024\" ><\/div><div class=\"rbs-img-data-popup\"  data-popup=\"https:\/\/elizatrejo.com\/wp-content\/uploads\/2024\/03\/DSC_6790-scaled.jpg\"  title=\"DSC_6790\" ><\/div><div class=\"thumbnail-overlay\"><div class=\"rbsTitle \">DSC_6790<\/div><div class=\"rbsIcons\"><i class=\"fa fa-plus rbsZoomIcon \" ><\/i><\/div><\/div><\/div><\/div><div class=\"rbs-img  category1139 \" ><div class=\"rbs-img-image   rbs-lightbox \" ><div class=\"rbs-img-thumbs\"  data-thumbnail=\"https:\/\/elizatrejo.com\/wp-content\/uploads\/2024\/03\/DSC_6837-300x200.jpg\"  title=\"DSC_6837\"  data-width=\"300\"  data-height=\"200\" ><\/div><div class=\"rbs-img-data-popup\"  data-popup=\"https:\/\/elizatrejo.com\/wp-content\/uploads\/2024\/03\/DSC_6837.jpg\"  title=\"DSC_6837\" ><\/div><div class=\"thumbnail-overlay\"><div class=\"rbsTitle \">DSC_6837<\/div><div class=\"rbsIcons\"><i class=\"fa fa-plus rbsZoomIcon \" ><\/i><\/div><\/div><\/div><\/div><div class=\"rbs-img  category1139 \" ><div class=\"rbs-img-image   rbs-lightbox \" ><div class=\"rbs-img-thumbs\"  data-thumbnail=\"https:\/\/elizatrejo.com\/wp-content\/uploads\/2024\/03\/DSC_6833-600x1024.jpg\"  title=\"DSC_6833\"  data-width=\"600\"  data-height=\"1024\" ><\/div><div class=\"rbs-img-data-popup\"  data-popup=\"https:\/\/elizatrejo.com\/wp-content\/uploads\/2024\/03\/DSC_6833.jpg\"  title=\"DSC_6833\" ><\/div><div class=\"thumbnail-overlay\"><div class=\"rbsTitle \">DSC_6833<\/div><div class=\"rbsIcons\"><i class=\"fa fa-plus rbsZoomIcon \" ><\/i><\/div><\/div><\/div><\/div><div class=\"rbs-img  category1139 \" ><div class=\"rbs-img-image   rbs-lightbox \" ><div class=\"rbs-img-thumbs\"  data-thumbnail=\"https:\/\/elizatrejo.com\/wp-content\/uploads\/2024\/03\/DSC_6829-600x1024.jpg\"  title=\"DSC_6829\"  data-width=\"600\"  data-height=\"1024\" ><\/div><div class=\"rbs-img-data-popup\"  data-popup=\"https:\/\/elizatrejo.com\/wp-content\/uploads\/2024\/03\/DSC_6829-scaled.jpg\"  title=\"DSC_6829\" ><\/div><div class=\"thumbnail-overlay\"><div class=\"rbsTitle \">DSC_6829<\/div><div class=\"rbsIcons\"><i class=\"fa fa-plus rbsZoomIcon \" ><\/i><\/div><\/div><\/div><\/div><div class=\"rbs-img  category1139 \" ><div class=\"rbs-img-image   rbs-lightbox \" ><div class=\"rbs-img-thumbs\"  data-thumbnail=\"https:\/\/elizatrejo.com\/wp-content\/uploads\/2024\/03\/DSC_6822-600x1024.jpg\"  title=\"DSC_6822\"  data-width=\"600\"  data-height=\"1024\" ><\/div><div class=\"rbs-img-data-popup\"  data-popup=\"https:\/\/elizatrejo.com\/wp-content\/uploads\/2024\/03\/DSC_6822.jpg\"  title=\"DSC_6822\" ><\/div><div class=\"thumbnail-overlay\"><div class=\"rbsTitle \">DSC_6822<\/div><div class=\"rbsIcons\"><i class=\"fa fa-plus rbsZoomIcon \" ><\/i><\/div><\/div><\/div><\/div><\/div><\/div><\/div><script>var rbs_gallery_69fb35da54549 = {\"version\":\"5.1.0\",\"id\":1139,\"class\":\"id1139\",\"roboGalleryDelay\":1000,\"mainContainer\":\"#robo_gallery_main_block_rbs_gallery_69fb35da54549\",\"loadingContainer\":\"#rbs_gallery_69fb35da54549-block-loader\",\"loadingContainerObj\":\"rbs_gallery_69fb35da54549-block-loader\",\"columnWidth\":\"auto\",\"columns\":3,\"resolutions\":[{\"columnWidth\":\"auto\",\"columns\":3,\"maxWidth\":960},{\"columnWidth\":\"auto\",\"columns\":2,\"maxWidth\":650},{\"columnWidth\":\"auto\",\"columns\":1,\"maxWidth\":450}],\"hideTitle\":true,\"lightboxOptions\":{\"gallery\":{\"enabled\":true,\"tCounter\":\"%curr% of %total%\"}},\"overlayEffect\":\"direction-aware-fade\",\"boxesToLoadStart\":12,\"boxesToLoad\":8,\"waitUntilThumbLoads\":1,\"LoadingWord\":\"Loading...\",\"loadMoreWord\":\"Load More\",\"noMoreEntriesWord\":\"No More Entries\",\"horizontalSpaceBetweenBoxes\":15,\"verticalSpaceBetweenBoxes\":15,\"lazyLoad\":1,\"wrapContainer\":\"#robo-gallery-wrap-rbs_gallery_69fb35da54549\"};<\/script>\n\n\n<div class=\"wp-block-cover\"><span aria-hidden=\"true\" class=\"wp-block-cover__background has-background-dim\"><\/span><img loading=\"lazy\" decoding=\"async\" width=\"1707\" height=\"2560\" class=\"wp-block-cover__image-background wp-image-1730\" alt=\"\" src=\"https:\/\/elizatrejo.com\/wp-content\/uploads\/2024\/09\/DSC_6768-scaled.jpg\" data-object-fit=\"cover\" srcset=\"https:\/\/elizatrejo.com\/wp-content\/uploads\/2024\/09\/DSC_6768-scaled.jpg 1707w, https:\/\/elizatrejo.com\/wp-content\/uploads\/2024\/09\/DSC_6768-200x300.jpg 200w, https:\/\/elizatrejo.com\/wp-content\/uploads\/2024\/09\/DSC_6768-683x1024.jpg 683w, https:\/\/elizatrejo.com\/wp-content\/uploads\/2024\/09\/DSC_6768-768x1152.jpg 768w, https:\/\/elizatrejo.com\/wp-content\/uploads\/2024\/09\/DSC_6768-1024x1536.jpg 1024w, https:\/\/elizatrejo.com\/wp-content\/uploads\/2024\/09\/DSC_6768-1365x2048.jpg 1365w\" sizes=\"auto, (max-width: 1707px) 100vw, 1707px\" \/><div class=\"wp-block-cover__inner-container is-layout-flow wp-block-cover-is-layout-flow\">\n<p class=\"has-small-font-size\">Conoc\u00ed a Lea en septiembre de 2023 de manera virtual, en Facebook, en un grupo de la colonia donde sol\u00eda vivir. Hice un post acerca de una exposici\u00f3n del barrio, pregunt\u00e9 por artistas oriundos del lugar o que hubieran vivido ah\u00ed.<br>Ella pregunt\u00f3, de que trataba la exposici\u00f3n, y que artistas participar\u00edan, de ah\u00ed iniciamos esta charla y amistad entre dos apasionadas del arte.<br>Fui conociendo su historia de lucha, una historia que admiro cada que acumulaba m\u00e1s detalles, iba con cautela de no romantizar su vivencia con ELA (Esclerosis Lateral Amiotr\u00f3fica), epilepsia y recientemente Parkinson .<br>Vi su retrospectiva de 2017 en un cat\u00e1logo digital de la Biblioteca Rangel Fr\u00edas de la UANL, y fui creando hilos, con sus piezas , me hablaban, no solo de su universo, si no de temas que me interesan.<br>18 a\u00f1os desde que se inici\u00f3 en el Taller de Experimentaci\u00f3n Pl\u00e1stica, donde creo piezas escult\u00f3ricas , pinturas con t\u00e9cnica mixta, con materiales moldeados y transformados por sus manos.<br>Manos que tienen memoria, a pesar de ir perdiendo movilidad siguen deseosas de tocar pinceles y el cincel.<br>No solo lo mat\u00e9rico trasmuta, tambi\u00e9n su alma a trav\u00e9s del arte, el cual se ha vuelto una luz en su sinuoso Su alma es c\u00e1lida, como su color favorito el rojo, est\u00e1 llena de fuerza y pasi\u00f3n, alma libre a pesar de las dificultades. Impregnando su vida de un estoicismo que frente al dolor no se pregunta \u00bfpor qu\u00e9?, si no \u00bfpara qu\u00e9? En palabras de ella misma.<\/p>\n<\/div><\/div>\n","protected":false},"excerpt":{"rendered":"","protected":false},"author":2,"featured_media":0,"parent":0,"menu_order":0,"comment_status":"closed","ping_status":"closed","template":"","meta":{"ngg_post_thumbnail":0,"footnotes":""},"class_list":["post-1137","page","type-page","status-publish","hentry"],"_links":{"self":[{"href":"https:\/\/elizatrejo.com\/index.php\/wp-json\/wp\/v2\/pages\/1137","targetHints":{"allow":["GET"]}}],"collection":[{"href":"https:\/\/elizatrejo.com\/index.php\/wp-json\/wp\/v2\/pages"}],"about":[{"href":"https:\/\/elizatrejo.com\/index.php\/wp-json\/wp\/v2\/types\/page"}],"author":[{"embeddable":true,"href":"https:\/\/elizatrejo.com\/index.php\/wp-json\/wp\/v2\/users\/2"}],"replies":[{"embeddable":true,"href":"https:\/\/elizatrejo.com\/index.php\/wp-json\/wp\/v2\/comments?post=1137"}],"version-history":[{"count":6,"href":"https:\/\/elizatrejo.com\/index.php\/wp-json\/wp\/v2\/pages\/1137\/revisions"}],"predecessor-version":[{"id":1776,"href":"https:\/\/elizatrejo.com\/index.php\/wp-json\/wp\/v2\/pages\/1137\/revisions\/1776"}],"wp:attachment":[{"href":"https:\/\/elizatrejo.com\/index.php\/wp-json\/wp\/v2\/media?parent=1137"}],"curies":[{"name":"wp","href":"https:\/\/api.w.org\/{rel}","templated":true}]}}